k.
23
Let p = -55 + 82. Let q = p - 19. Suppose -3*s - 440 = -q*s. List the prime factors of s.
2, 11
Let w(a) = 273 + a**3 - 255 + 17*a - 65*a - 2*a**3 + 20*a**2. List the prime factors of w(16).
2, 137
Suppose -26892 = -8*p + 15988. What are the prime factors of p?
2, 5, 67
Let n(v) = -v**2 - 7*v - 8. Let m = -61 - -56. Let s be n(m). Suppose -450 = -4*p + 2*a, -573 = -5*p + s*a - 3*a. List the prime factors of p.
2, 3, 19
Let k(u) = -654*u**3 - 11*u**2 + 108*u + 504. What are the prime factors of k(-4)?
2, 17, 307
Suppose 3 = 5*y + 4*n - 1, 3*n + 4 = -2*y. Let v be -5 - (3 + -183 + -1). Suppose 2*r - 252 = -4*w + v, -r + 222 = y*w. What are the prime factors of r?
2, 103
Let j = -404 - -402. What are the prime factors of ((-11072)/10)/j + (-126)/210?
7, 79
Suppose -3*k = -5*f - 5595, 3*k + 1094 - 6689 = f. List the prime factors of k.
5, 373
Let z(h) be the third derivative of 16/3*h**3 + 1/3*h**4 - 10*h**2 + 0*h + 0. List the prime factors of z(9).
2, 13
Let v(t) = -t**2. Let g(s) = 13*s - 6. Let i(c) = -g(c) - 2*v(c). Let m(b) be the first derivative of i(b). List the prime factors of m(7).
3, 5
Let z(n) = n**3 - 19*n**2 - 30*n - 29. Suppose -3*x + 49 = -14. What are the prime factors of z(x)?
223
Let c = 8321 + 6361. What are the prime factors of c?
2, 3, 2447
Let n be 132/10*(-6 + 36). Suppose 3*v + 4*y - n = 0, 0 = v + y + 4*y - 121. List the prime factors of v.
2, 17
Suppose -2*v + 124 = -4*v. Let x = v + 60. List the prime factors of (-123 - -34)*1*2/x.
89
Suppose -74 = -3*v - 68. Suppose 0 = 3*a + 3*l - 543, -a = -v*l + 61 - 227. Suppose -3*i - 4*c + c + 516 = 0, 0 = -i - 2*c + a. List the prime factors of i.
2, 3, 7
Suppose 35*c + 46708 = 3*n + 33*c, 2*n = -c + 31148. Suppose -30*h - n = -47*h. List the prime factors of h.
2, 229
Suppose 5*i = -33 + 53. Suppose 2*s - i*g = 466, 4*g - 181 - 58 = -s. What are the prime factors of s?
5, 47
Suppose -26*b + 19*b + 14 = 0. Let r(m) = -4 + 1092*m - 1092*m + m**2 + 10*m**b. What are the prime factors of r(2)?
2, 5
Let y(g) = -g**3 + 3*g**2 + 2*g + 1. Let n be y(0). Let p(c) be the second derivative of 13*c**3 + 3*c**2 + 4*c. List the prime factors of p(n).
2, 3, 7
Let j be 24/(-4)*-93 + 7 + -1. Let q = 813 - j. What are the prime factors of q?
3, 83
Let w(q) = q + 11. Let l be w(-6). Let t(s) = 1269*s - 192. Let b(y) = 122*y - 19. Let o(d) = 21*b(d) - 2*t(d). List the prime factors of o(l).
3, 5, 7
Let l = -11177 - -48836. What are the prime factors of l?
3, 12553
Suppose 4*l = -247 + 763. What are the prime factors of (-5*l)/(42/(-28))?
2, 5, 43
Let k(c) = c**3 - 8*c**2 + 59. Let l be k(7). Suppose 44*x = l*x + 57358. What are the prime factors of x?
7, 241
Let t be (-12)/(-8) - 3/(-2). Suppose 0 = t*l + 96 + 93. List the prime factors of (-3 + (-75)/(-35))*l.
2, 3
Suppose 387*o + 28241070 = 1245*o. List the prime factors of o.
5, 29, 227
List the prime factors of (-9)/27 - ((-8936)/6)/(2/47).
31, 1129
Let h = 5 - 3. Let l(m) = 27*m**2 - 52*m - 2. Let y be l(2). Suppose -244 = -h*o - c, y*c = o + c - 125. What are the prime factors of o?
3, 41
Suppose -516*q - 41660 = -526*q. List the prime factors of q.
2, 2083
Suppose 0*k + 2*k + 112 = -2*h, -h = -4*k + 46. Let d be (-12453)/(-27) - (-12)/h. Let m = d - 285. What are the prime factors of m?
2, 11
Let u(b) = -3*b**3 + 4*b**2 + 4*b - 1. Let h be u(5). Let a = h - -315. List the prime factors of a.
59
Let i = -56 - -114. Let l = 78 - i. Suppose 568 = 14*r - l. What are the prime factors of r?
2, 3, 7
Suppose 12*h - 32 = 8*h. Let a(p) = -8*p**2 + 2*p**3 - 11 - p**2 - 8*p - p**2. List the prime factors of a(h).
3, 103
What are the prime factors of ((-3276)/81)/14*-1062?
2, 13, 59
Suppose h + 5*g - 14560 - 34373 = 0, 146889 = 3*h - 3*g. List the prime factors of h.
2, 7, 13, 269
Suppose 0 = -r + 74 + 54. Suppose 1456 = 130*n - r*n. What are the prime factors of n?
2, 7, 13
Suppose -3*s + 6792 = z, s - 1851 - 429 = -3*z. What are the prime factors of s?
2, 3, 13, 29
Let m(q) be the second derivative of 2*q**2 + 55/6*q**3 + 0 + 14*q. List the prime factors of m(1).
59
What are the prime factors of (-2049085)/(-75) + 5 - (-3 - (-141)/45)?
2, 13, 1051
Let a(o) = -3*o**3 + 10*o**2 - 8*o + 16. Let c be a(9). List the prime factors of c/(-5) - 56/(-140).
7, 41
Suppose -134 = -f + 3*a - 41, 3*f - 279 = 3*a. Suppose -703 = -5*q - 4*z, 178 = 2*q + 5*z - f. List the prime factors of 2/12 + q/78.
2
Suppose -2*f + 3 = 53. Let c = f - -27. What are the prime factors of (19 - -32)/(2/(1*c))?
3, 17
Let z(n) = n - n**2 + n**2 - 5*n**2 + 207 + 4*n**2. Let f be (13 - 18) + (7 - 2). List the prime factors of z(f).
3, 23
Suppose 0 = -10*p - 5*p + 135. Suppose -7*t = -p*t - 2*f + 1150, -551 = -t + 5*f. What are the prime factors of t?
571
Suppose 13*r + 10084 = 105023. List the prime factors of r.
67, 109
Suppose 3*v + 625 - 2875 = 0. List the prime factors of v.
2, 3, 5
Let v = 19365 + -5911. What are the prime factors of v?
2, 7, 31
Suppose 387*v - 46371000 = -285*v - 24*v. What are the prime factors of v?
5, 13, 41
Let j(u) = 2*u - 5. Suppose 2*m + 3*o = 7, m + o = -o + 3. Let p be j(m). Suppose 0 = -2*a - p*g + g + 36, 0 = -5*a - 2*g + 82. List the prime factors of a.
2
Suppose -4*g = -g - 42. Let i be g/(-4)*(121 - 7). What are the prime factors of (-3)/(-4) + i/(-12)?
2, 17
Let m(h) be the second derivative of -20*h + 15/2*h**5 - 1/6*h**4 + h**2 + 0 - 1/6*h**3. List the prime factors of m(1).
149
Suppose -6*h - 63690 = -11*h. List the prime factors of h.
2, 3, 11, 193
Let j(b) = 6*b**2 - 8*b + 199. What are the prime factors of j(-32)?
6599
Suppose -15*l + 5*r - 45859 = -16*l, -3*l + 137757 = -5*r. List the prime factors of l.
2, 19, 151
Suppose -77*s - 70*s = -6*s + 141. Suppose 0 = -3*c - 9, 3 = 3*u + 4*c - 0. What are the prime factors of 575/(0 + u) - s?
2, 29
Suppose -41*q + 40 = -21*q. Suppose -7 = -f - 2, 4*t + q*f = 2218. What are the prime factors of t?
2, 3, 23
Suppose 45*b - 267412 = 333068. What are the prime factors of b?
2, 3, 139
Let l(k) = 3*k - 6*k**2 - 2 + 4*k**2 - 4*k**2 + 3. Let b be l(-3). List the prime factors of b/4*4/4*-2.
31
Suppose -6*c - 1040 = 1924. Let z = c - -130. Let o = -219 - z. List the prime factors of o.
5, 29
Let r(k) = -k**3 + 3*k**2 + 8*k + 8. Suppose 0*v - 5*i = 2*v - 144, 2 = i. Let h = 63 - v. What are the prime factors of r(h)?
2, 11
Let n(l) be the first derivative of 5*l**4/4 - 14*l**3/3 + 5*l**2/2 - 12*l + 547. Suppose 0 = -b + 1 + 4. What are the prime factors of n(b)?
2, 3
Suppose -3*z - 6377 = -h, -5*z - 3492 = -4*h + 22072. What are the prime factors of h?
37, 173
Suppose -3*i - 4*h = 447, 167 = -2*i - 2*h - 133. Let o = -117 - i. List the prime factors of o.
2, 3
Suppose -548620 = -47224*d + 47204*d. List the prime factors of d.
27431
Suppose 0 = -6*n + 7895 - 2603. Suppose -3*b = 3*v - n, -5*v + 13*b + 1470 = 8*b. Suppose 9*j - 3*j = v. List the prime factors of j.
7
Suppose 0*b + 8*b = 352. Let h = -42 + b. Suppose -2*t = -h, -v + 72 = -2*t - 17. What are the prime factors of v?
7, 13
Suppose 16 = 4*y - 16. Suppose -3*q = -y*q + 15. Suppose 0 = -q*t - 0*t + 183. List the prime factors of t.
61
Suppose -9*a - 25 = -14*a. Suppose -4*g + 8*g - 24 = 3*t, 2*t - 30 = -a*g. List the prime factors of (224/24)/(g/99).
2, 7, 11
Let t = -1966 + -100. Let m = t - -3008. List the prime factors of m.
2, 3, 157
Suppose 5*l + 47*q - 216155 = 50*q, -l + 7*q + 43199 = 0. List the prime factors of l.
2, 21617
Suppose o + 3*s = 8*s + 1327, -4*o + 5308 = -s. Suppose 9*c + o = 10372. What are the prime factors of c?
3, 5, 67
Let o(m) be the second derivative of -5*m**3/3 + 5*m**2 - 5*m. Let w be o(3). Let u = -6 - w. What are the prime factors of u?
2, 7
List the prime factors of ((-3095)/3)/(50/(-30)).
619
List the prime factors of 4227 - 1/(9 + 220/(-24)).
3, 17, 83
Suppose 2 + 1 = 3*n. Let d = 3 + n. Suppose 4*o + 602 = 5*x + 6*o, 5*x = d*o + 626. What are the prime factors of x?
2, 61
Let h(c) = -4*c**2 - 113*c + 44. Let n be h(-18). Let v = n - -168. What are the prime factors of v?
2, 5, 19
Let k be ((-15)/6)/1*32/(-16). Suppose k*m = 3210 - 615. What are the prime factors of m?
3, 173
Suppose 3*k = -3*b + 9954, -2*k = -56*b + 53*b - 6606. List the prime factors of k.
2, 3, 23
Let w(k) = -3*k**2 - 2*k + 6. Let y be